ndred millions digit of 735025030?
7
What is the tens digit of 2827149999?
9
What is the units digit of 1211486604?
4
What is the hundred thousands digit of 286188122?
1
What is the millions digit of 2484928633?
4
What is the ten thousands digit of 408164903?
6
What is the hundred thousands digit of 14769839?
7
What is the ten thousands digit of 418115926?
1
What is the hundred millions digit of 789597739?
7
What is the ten millions digit of 549953520?
4
What is the hundred thousands digit of 331363919?
3
What is the hundreds digit of 36047132?
1
What is the millions digit of 343690550?
3
What is the ten thousands digit of 1054849440?
4
What is the thousands digit of 182777015?
7
What is the tens digit of 69404590?
9
What is the thousands digit of 561127463?
7
What is the ten thousands digit of 60879215?
7
What is the millions digit of 3597737289?
7
What is the hundreds digit of 2380353070?
0
What is the tens digit of 64027182?
8
What is the hundreds digit of 421650116?
1
What is the units digit of 34807604?
4
What is the hundreds digit of 2496917529?
5
What is the ten millions digit of 3046782056?
4
What is the hundred millions digit of 5237449548?
2
What is the units digit of 1669800395?
5
What is the millions digit of 29563697?
9
What is the ten thousands digit of 233124691?
2
What is the ten millions digit of 581835965?
8
What is the hundred millions digit of 111192329?
1
What is the ten thousands digit of 18084030?
8
What is the ten millions digit of 3301046136?
0
What is the thousands digit of 354020748?
0
What is the ten thousands digit of 44215397?
1
What is the tens digit of 2048111576?
7
What is the thousands digit of 281504705?
4
What is the hundreds digit of 1292438513?
5
What is the hundreds digit of 19359408?
4
What is the millions digit of 520755065?
0
What is the units digit of 91676425?
5
What is the hundreds digit of 539483186?
1
What is the units digit of 699828841?
1
What is the thousands digit of 869595562?
5
What is the thousands digit of 149387852?
7
What is the hundreds digit of 232013577?
5
What is the hundred thousands digit of 2915988352?
9
What is the hundreds digit of 2469907?
9
What is the millions digit of 3847711382?
7
What is the ten millions digit of 14445388?
1
What is the hundred thousands digit of 43716625?
7
What is the units digit of 91491673?
3
What is the hundred millions digit of 129195618?
1
What is the hundreds digit of 2815058656?
6
What is the thousands digit of 180069196?
9
What is the hundred thousands digit of 105483624?
4
What is the hundred millions digit of 2109954745?
1
What is the ten millions digit of 357816829?
5
What is the millions digit of 37865115?
7
What is the hundred millions digit of 1002160521?
0
What is the thousands digit of 17206016?
6
What is the hundred millions digit of 403095148?
4
What is the hundred millions digit of 180106386?
1
What is the ten thousands digit of 199317874?
1
What is the tens digit of 160902609?
0
What is the units digit of 152874716?
6
What is the tens digit of 350114570?
7
What is the billions digit of 1733019177?
1
What is the thousands digit of 2829270848?
0
What is the units digit of 220466817?
7
What is the thousands digit of 53106884?
6
What is the hundred thousands digit of 2530292075?
2
What is the hundred millions digit of 112556462?
1
What is the ten millions digit of 152850866?
5
What is the ten thousands digit of 143738297?
3
What is the hundred millions digit of 1780931098?
7
What is the tens digit of 110171801?
0
What is the thousands digit of 884479029?
9
What is the ten thousands digit of 4286982?
8
What is the hundreds digit of 119729420?
4
What is the ten thousands digit of 310173055?
7
What is the ten thousands digit of 157682659?
8
What is the units digit of 3236332530?
0
What is the ten thousands digit of 167492?
6
What is the ten thousands digit of 2588966658?
6
What is the hundred thousands digit of 32566977?
5
What is the units digit of 259895755?
5
What is the hundreds digit of 30621548?
5
What is the units digit of 277643895?
5
What is the thousands digit of 916933743?
3
What is the tens digit of 200574330?
3
What is the tens digit of 130860592?
9
What is the ten thousands digit of 129103818?
0
What is the billions digit of 7017672681?
7
What is the tens digit of 329007694?
9
What is the tens digit of 168790379?
7
What is the millions digit of 2070909890?
0
What is the hundred thousands digit of 1506725296?
7
What is the units digit of 3912745286?
6
What is the ten thousands digit of 49827713?
2
What is the hundreds digit of 19770777?
7
What is the millions digit of 53171065?
3
What is the hundreds digit of 442913763?
7
What is the tens digit of 631835963?
6
What is the ten millions digit of 43896226?
4
What is the millions digit of 1477960500?
7
What is the ten thousands digit of 1830427569?
2
What is the tens digit of 460363089?
8
What is the units digit of 2831591?
1
What is the hundreds digit of 99928079?
0
What is the ten thousands digit of 19822701?
2
What is the hundred thousands digit of 3288731241?
7
What is the thousands digit of 1266421311?
1
What is the millions digit of 1493698367?
3
What is the hundreds digit of 147199075?
0
What is the hundred millions digit of 809249553?
8
What is the units digit of 18669108?
8
What is the ten thousands digit of 509428840?
2
What is the thousands digit of 834863328?
3
What is the ten thousands digit of 1279272406?
7
What is the millions digit of 536332531?
6
What is the tens digit of 588644019?
1
What is the tens digit of 149586205?
0
What is the hundred thousands digit of 17135036?
1
What is the hundreds digit of 97214598?
5
What is the units digit of 3418283885?
5
What is the hundreds digit of 2586219799?
7
What is the hundred millions digit of 735774132?
7
What is the ten millions digit of 410357333?
1
What is the millions digit of 105406417?
5
What is the tens digit of 974960965?
6
What is the ten thousands digit of 56244511?
4
What is the ten thousands digit of 939319315?
1
What is the hundred thousands digit of 6437053714?
0
What is the tens digit of 354138226?
2
What is the thousands digit of 18719562?
9
What is the hundreds digit of 1357099125?
1
What is the hundred thousands digit of 1665664140?
6
What is the thousands digit of 29590035?
0
What is the units digit of 84024835?
5
What is the ten millions digit of 1480395536?
8
What is the hundred millions digit of 1311023223?
3
What is the millions digit of 427187836?
7
What is the hundreds digit of 715288443?
4
What is the ten thousands digit of 3291054278?
5
What is the hundreds digit of 352034168?
1
What is the tens digit of 179152483?
8
What is the hundred thousands digit of 1262038278?
0
What is the hundred thousands digit of 40670127?
6
What is the hundred thousands digit of 170835671?
8
What is the hundred millions digit of 263331340?
2
What is the hundred thousands digit of 70816386?
8
What is the billions digit of 1311034657?
1
What is the thousands digit of 78916865?
6
What is the hundreds digit of 440754434?
4
What is the millions digit of 264438039?
4
What is the tens digit of 238153807?
0
What is the millions digit of 31421274?
1
What is the tens digit of 237736380?
8
What is the billions digit of 1217944167?
1
What is the units digit of 21157611?
1
What is the hundred thousands digit of 113135978?
1
What is the ten thousands digit of 67949335?
4
What is the tens digit of 103520248?
4
What is the ten millions digit of 62984979?
6
What is the ten thousands digit of 124545740?
4
What is the ten thousands digit of 2156288262?
8
What is the hundred thousands digit of 550689781?
6
What is the ten thousands digit of 5494069678?
6
What is the units digit of 444352746?
6
What is the hundreds digit of 557590243?
2
What is the hundred thousands digit of 55544908?
5
What is the thousands digit of 77619954?
9
What is the hundred millions digit of 3235529028?
2
What is the ten millions digit of 82091322?
8
What is the thousands digit of 149358641?
8
What is the ten millions digit of 48256573?
4
What is the millions digit of 29508475?
9
What is the millions digit of 225640107?
5
What is the thousands digit of 305359550?
9
What is the thousands digit of 289898562?
8
What is the ten thousands digit of 57587940?
8
What 